NOAA-Style Climate Reports


Report for 2019 January
                   Monthly Climatological Summary for Jan 2019

Name: Paul's House   City: Mesa   State: Arizona
Elevation: 1217 ft  Lat: N 33° 24' 02"   Lon: W 111° 51' 39"

                  Temperature (°F), Rain (in), Wind Speed (mph)

                                      Heat  Cool        Avg
    Mean                              Deg   Deg         Wind                 Dom
Day Temp  High   Time   Low    Time   Days  Days  Rain  Speed High   Time    Dir
----------------------------------------------------------------------------------
 1  43.3  52.3   2:58p  37.9  11:25p  21.7   0.0  0.00   2.0  14.0  11:44p    NE
 2  40.6  51.6   3:51p  30.9   8:15a  24.4   0.0  0.00   2.3  14.0  12:57a    NE
 3  41.8  56.0   3:28p  29.8   5:07a  23.2   0.0  0.00   1.3  13.0  12:02p   ESE
 4  48.3  67.4   3:16p  33.0   7:32a  16.9   0.1  0.00   1.3   9.0  11:08a   ESE
 5  53.9  68.1   2:24p  39.9   4:37a  11.4   0.3  0.06   1.7  12.0   8:15p     E
 6  50.7  55.9   3:02p  43.4  11:50p  14.3   0.0  0.52   0.9   7.0  10:16a   ESE
 7  50.3  64.6   2:34p  38.9   6:35a  14.7   0.0  0.00   1.0   9.0  10:04a   NNE
 8  55.8  73.1   2:57p  40.2   7:19a  10.5   1.3  0.00   1.5  13.0   2:24a    NE
 9  57.7  74.4   3:17p  45.5   3:48a   8.7   1.3  0.00   0.8   9.0   4:00p   ESE
10  56.5  64.7   3:35p  47.9  11:30p   8.5   0.0  0.00   1.1   9.0  11:54a    SE
11  53.1  67.1   3:20p  42.1   7:00a  11.6   0.1  0.00   1.2   9.0   8:56a   SSW
12  55.7  70.6   2:53p  42.1   7:50a   9.9   0.6  0.02   2.3  21.0   9:19p    SE
13  53.9  63.3   3:03p  45.4   7:35a  11.0   0.0  0.08   1.1   9.0  12:24a     E
14  59.7  70.2   3:21p  50.6  12:00a   6.2   0.9  0.00   2.3  11.0   6:33a     E
15  59.0  67.3  12:05p  51.8  11:45p   6.2   0.2  0.16   2.4  16.0   1:14p    SE
----------------------------------------------------------------------------------
    52.0  74.4     9    29.8     3   199.2   4.8  0.84   1.6  21.0    12       E

Max >=  80.0:  0
Max <=  32.0:  0
Min <=  32.0:  2
Min <=   0.0:  0
Max Rain: 0.52 on day 6
Days of Rain: 5 (>= 0.01 in)  2 (>= 0.10 in)  0 (>= 1.00 in)
Heat Base: 65.0  Cool Base: 65.0  Method: Integration