NOAA-Style Climate Reports
Select a Year or Month report
2024: Jan Feb Mar Apr May Jun Jul Aug Sep Oct Nov Dec
2023: Jan Feb Mar Apr May Jun Jul Aug Sep Oct Nov Dec
2022: Jan Feb Mar Apr May Jun Jul Aug Sep Oct Nov Dec
2021: Jan Feb Mar Apr May Jun Jul Aug Sep Oct Nov Dec
2020: Jan Feb Mar Apr May Jun Jul Aug Sep Oct Nov Dec
2019: Jan Feb Mar Apr May Jun Jul Aug Sep Oct Nov Dec
2018: Jan Feb Mar Apr May Jun Jul Aug Sep Oct Nov Dec
2017: Jan Feb Mar Apr May Jun Jul Aug Sep Oct Nov Dec
2016: Jan Feb Mar Apr May Jun Jul Aug Sep Oct Nov Dec
2015: Jan Feb Mar Apr May Jun Jul Aug Sep Oct Nov Dec
2014: Jan Feb Mar Apr May Jun Jul Aug Sep Oct Nov Dec
2013: Jan Feb Mar Apr May Jun Jul Aug Sep Oct Nov Dec
2012: Jan Feb Mar Apr May Jun Jul Aug Sep Oct Nov Dec
2011: Jan Feb Mar Apr May Jun Jul Aug Sep Oct Nov Dec
2010: Jan Feb Mar Apr May Jun Jul Aug Sep Oct Nov Dec
2009: Jan Feb Mar Apr May Jun Jul Aug Sep Oct Nov Dec
2008: Jan Feb Mar Apr May Jun Jul Aug Sep Oct Nov Dec
2007: Jan Feb Mar Apr May Jun Jul Aug Sep Oct Nov Dec
2024: Jan Feb Mar Apr May Jun Jul Aug Sep Oct Nov Dec
2023: Jan Feb Mar Apr May Jun Jul Aug Sep Oct Nov Dec
2022: Jan Feb Mar Apr May Jun Jul Aug Sep Oct Nov Dec
2021: Jan Feb Mar Apr May Jun Jul Aug Sep Oct Nov Dec
2020: Jan Feb Mar Apr May Jun Jul Aug Sep Oct Nov Dec
2019: Jan Feb Mar Apr May Jun Jul Aug Sep Oct Nov Dec
2018: Jan Feb Mar Apr May Jun Jul Aug Sep Oct Nov Dec
2017: Jan Feb Mar Apr May Jun Jul Aug Sep Oct Nov Dec
2016: Jan Feb Mar Apr May Jun Jul Aug Sep Oct Nov Dec
2015: Jan Feb Mar Apr May Jun Jul Aug Sep Oct Nov Dec
2014: Jan Feb Mar Apr May Jun Jul Aug Sep Oct Nov Dec
2013: Jan Feb Mar Apr May Jun Jul Aug Sep Oct Nov Dec
2012: Jan Feb Mar Apr May Jun Jul Aug Sep Oct Nov Dec
2011: Jan Feb Mar Apr May Jun Jul Aug Sep Oct Nov Dec
2010: Jan Feb Mar Apr May Jun Jul Aug Sep Oct Nov Dec
2009: Jan Feb Mar Apr May Jun Jul Aug Sep Oct Nov Dec
2008: Jan Feb Mar Apr May Jun Jul Aug Sep Oct Nov Dec
2007: Jan Feb Mar Apr May Jun Jul Aug Sep Oct Nov Dec
Report for 2024 April
Monthly Climatological Summary for Apr 2024 Name: Paul's House City: Mesa State: Arizona Elevation: 1217 ft Lat: N 33° 24' 02" Lon: W 111° 51' 39" Temperature (°F), Rain (in), Wind Speed (mph) Heat Cool Avg Mean Deg Deg Wind Dom Day Temp High Time Low Time Days Days Rain Speed High Time Dir ---------------------------------------------------------------------------------- 1 55.6 65.8 2:20p 47.6 4:15a 9.4 0.0 0.24 2.0 25.0 2:58a W 2 61.4 76.1 3:31p 46.9 5:27a 6.2 2.6 0.00 1.6 13.0 2:02p W 3 66.4 83.0 3:14p 51.4 6:16a 3.7 5.2 0.00 1.1 10.0 3:08p SW 4 70.8 87.5 4:22p 51.5 6:18a 3.1 8.9 0.00 2.3 19.0 2:34p S 5 63.6 72.0 12:46p 54.8 11:57p 2.6 1.2 0.02 5.8 25.0 5:16p WSW 6 56.8 67.8 3:07p 46.8 4:54a 8.4 0.2 0.00 2.6 18.0 12:33a W 7 61.4 76.6 3:00p 45.7 6:15a 6.5 2.8 0.00 2.0 14.0 8:12a NE 8 62.6 76.1 2:09p 48.9 5:36a 5.0 2.6 0.00 2.2 20.0 7:06p W 9 67.3 84.3 2:32p 49.4 5:15a 4.4 6.7 0.00 2.9 22.0 2:04p W 10 70.1 87.0 3:39p 52.2 6:22a 2.6 7.7 0.00 1.6 11.0 11:21a S 11 75.3 93.6 3:19p 55.4 5:37a 1.4 11.8 0.00 1.9 14.0 1:32p ESE 12 77.2 93.0 1:55p 60.0 6:19a 0.3 12.5 0.00 3.0 23.0 1:43p S 13 74.0 87.7 3:34p 56.4 6:21a 1.1 10.1 0.00 2.1 19.0 2:51p S 14 70.4 85.2 2:47p 53.3 6:03a 1.8 7.1 0.00 3.5 25.0 5:09p WSW 15 65.9 77.1 3:54p 52.9 5:58a 2.6 3.5 0.00 1.9 17.0 12:39p W 16 70.9 87.6 3:00p 53.2 4:14a 2.7 8.6 0.00 1.8 14.0 2:20p WNW 17 75.0 91.9 2:56p 56.6 6:17a 1.0 11.1 0.00 1.1 12.0 2:13p W 18 76.0 92.2 2:07p 57.2 6:09a 0.7 11.7 0.00 0.7 12.0 1:46p SSE 19 78.0 94.2 2:56p 58.4 6:02a 0.6 13.6 0.00 1.2 14.0 3:05p WSW ---------------------------------------------------------------------------------- 68.4 94.2 19 45.7 7 64.1 127.9 0.26 2.2 25.0 1 WSW Max >= 80.0: 12 Max <= 32.0: 0 Min <= 32.0: 0 Min <= 0.0: 0 Max Rain: 0.24 on day 1 Days of Rain: 2 (>= 0.01 in) 1 (>= 0.10 in) 0 (>= 1.00 in) Heat Base: 65.0 Cool Base: 65.0 Method: Integration